.
3
What is the greatest common divisor of 68950 and 15575?
175
Calculate the highest common divisor of 40 and 3170.
10
What is the greatest common factor of 2934 and 18222?
6
What is the highest common factor of 496 and 775?
31
Calculate the highest common divisor of 54635 and 2891.
49
What is the highest common divisor of 2187 and 80676?
243
Calculate the highest common divisor of 63 and 383019.
21
What is the greatest common divisor of 30 and 261210?
30
Calculate the greatest common factor of 84 and 9309426.
42
What is the highest common factor of 693 and 43008?
21
Calculate the greatest common factor of 279 and 22537.
31
Calculate the highest common factor of 584 and 6697750.
146
What is the greatest common divisor of 26 and 52013?
13
Calculate the highest common factor of 901 and 7939.
17
Calculate the greatest common divisor of 27242 and 424.
106
Calculate the highest common divisor of 135 and 366003.
9
Calculate the greatest common factor of 3108 and 483.
21
What is the highest common divisor of 170 and 818?
2
What is the highest common factor of 48778 and 58?
58
Calculate the highest common divisor of 4782 and 14181021.
2391
Calculate the greatest common factor of 16 and 55720.
8
What is the highest common divisor of 31486 and 7826?
182
Calculate the greatest common divisor of 38724 and 378.
42
What is the greatest common factor of 1173426 and 12?
6
Calculate the greatest common factor of 13 and 495820.
13
What is the highest common factor of 4440 and 15?
15
Calculate the highest common factor of 92 and 24196.
92
Calculate the highest common factor of 882 and 175.
7
Calculate the greatest common factor of 1753342 and 538.
538
Calculate the greatest common factor of 340905 and 15.
15
What is the greatest common divisor of 18172 and 21?
7
What is the greatest common divisor of 21217 and 190087?
433
Calculate the greatest common factor of 6420 and 2658.
6
Calculate the highest common divisor of 68 and 559932.
4
Calculate the greatest common factor of 121009 and 42539.
413
Calculate the highest common divisor of 2632 and 1106.
14
What is the greatest common divisor of 57725 and 125?
25
What is the highest common divisor of 17228 and 4672?
292
Calculate the greatest common divisor of 144 and 1886864.
16
What is the highest common divisor of 2622 and 1060806?
138
Calculate the greatest common factor of 26575 and 6650.
25
What is the highest common divisor of 32742 and 3213?
153
What is the highest common factor of 73500 and 350?
350
Calculate the highest common divisor of 3690 and 180.
90
What is the greatest common divisor of 612 and 3588?
12
What is the greatest common factor of 12001 and 5192?
11
What is the highest common divisor of 315 and 23695?
35
Calculate the highest common divisor of 274835 and 715.
55
Calculate the greatest common factor of 24 and 660636.
12
Calculate the highest common divisor of 169 and 122863.
169
What is the highest common divisor of 70 and 4034975?
35
What is the highest common factor of 9776 and 1034?
94
Calculate the highest common factor of 6751 and 5181.
157
What is the greatest common factor of 2093 and 5635?
161
Calculate the highest common factor of 1562613 and 3501.
1167
What is the greatest common divisor of 844 and 576452?
844
What is the greatest common factor of 3812 and 260?
4
Calculate the highest common divisor of 41 and 605365.
41
Calculate the greatest common factor of 70 and 17668.
14
Calculate the highest common divisor of 1288 and 232.
8
Calculate the highest common divisor of 2516941 and 7.
7
What is the greatest common divisor of 2060 and 1097465?
515
Calculate the highest common divisor of 78182 and 1178.
62
What is the highest common divisor of 4604 and 12?
4
Calculate the highest common factor of 6 and 22438.
2
Calculate the highest common factor of 207399 and 5397.
771
Calculate the highest common factor of 22625 and 2896.
181
What is the greatest common factor of 5191 and 29?
29
Calculate the highest common divisor of 418 and 2920832.
38
What is the highest common divisor of 13 and 5603?
13
What is the greatest common divisor of 15812 and 335?
67
Calculate the highest common divisor of 35280 and 576.
144
Calculate the highest common factor of 283 and 560057.
283
Calculate the highest common factor of 647463 and 4912.
307
What is the greatest common divisor of 267922 and 18435?
1229
Calculate the highest common divisor of 57 and 5214.
3
What is the highest common divisor of 4 and 3316?
4
Calculate the greatest common factor of 46739 and 385.
77
Calculate the highest common factor of 46100 and 1075.
25
Calculate the greatest common factor of 102224 and 32.
16
What is the highest common divisor of 464 and 68368?
16
What is the highest common factor of 280734 and 5751?
213
What is the highest common divisor of 74636 and 23500?
188
Calculate the highest common divisor of 40000 and 39250.
250
Calculate the highest common divisor of 68 and 53839.
17
What is the greatest common factor of 98 and 2105089?
49
What is the greatest common divisor of 14472 and 20136?
24
What is the highest common factor of 18137 and 7?
7
Calculate the highest common divisor of 5488 and 43344.
112
What is the highest common factor of 1122 and 2414?
34
Calculate the greatest common factor of 18733 and 118261.
143
What is the greatest common factor of 30 and 510810?
30
What is the highest common divisor of 2603 and 15067?
19
What is the highest common factor of 1 and 9143?
1
Calculate the highest common divisor of 96011 and 67.
67
What is the highest common factor of 2466 and 48361?
137
Calculate the greatest common divisor of 100 and 15735100.
100
What is the greatest common divisor of 8 and 964616?
8
What is the highest common divisor of 7626 and 155?
31
What is the greatest common factor of 4940 and 313560?
260
What is the highest common divisor of 837 and 7719?
93
Calculate the highest common factor of 36 and 790788.
12
Calculate the greatest common factor of 6984033 and 21.
21
What is the greatest common divisor of 145884 and 876?
12
Calculate the greatest common factor of 40 and 520040.
40
What is the highest common factor of 1008 and 10808?
56
Calculate the greatest common divisor of 569 and 1481.
1
Calculate the highest common factor of 2067 and 78507.
39
What is the highest common divisor of 1162694 and 130?
26
Calculate the greatest common factor of 2341291 and 34.
17
What is the highest common divisor of 8 and 140776?
8
What is the highest common factor of 121 and 11671?
11
Calculate the greatest common factor of 4284 and 5796.
252
Calculate the highest common factor of 15846 and 65886.
834
What is the greatest common divisor of 51246 and 13?
13
Calculate the greatest common divisor of 11099 and 271421.
1009
Calculate the greatest common factor of 608 and 683216.
16
What is the highest common factor of 41054 and 39?
13
What is the greatest common factor of 31482 and 106?
106
Calculate the highest common divisor of 280518 and 63.
21
What is the highest common divisor of 3404796 and 501?
501
Calculate the greatest common divisor of 86 and 522794.
86
Calculate the greatest common factor of 34 and 1073227.
17
Calculate the highest common divisor of 1654432 and 32.
32
What is the greatest common factor of 12 and 4119?
3
Calculate the highest common divisor of 495 and 15213.
33
What is the highest common divisor of 512589 and 44?
11
What is the highest common divisor of 3289 and 22?
11
What is the highest common factor of 35820 and 6700?
20
What is the greatest common factor of 114140 and 1317?
439
What is the highest common divisor of 114 and 39594?
6
What is the highest common factor of 36432 and 176?
176
Calculate the greatest common factor of 505755 and 135.
45
Calculate the highest common factor of 391842 and 396.
198
Calculate the highest common factor of 142922 and 4186.
598
What is the highest common factor of 78948 and 34228?
172
What is the greatest common divisor of 41075 and 106?
53
What is the greatest common factor of 192 and 1884?
12
Calculate the highest common factor of 410 and 26240.
410
Calculate the highest common divisor of 12 and 41034.
6
What is the greatest common divisor of 2016 and 3402?
126
What is the highest common divisor of 201 and 3744?
3
What is the greatest common divisor 